t f(x) = -22*x**3 + 17*x**2 + 15*x - 5. Is f(-12) composite?
True
Suppose 0 = -2*s - 10*s + 51255 + 114117. Is s a composite number?
False
Let l(h) = 17185*h**2 - 47*h + 17. Is l(-3) a composite number?
False
Suppose -q + 4*q - b - 16 = 0, -6 = -3*q + 3*b. Let k be (-2)/q + (-4014)/63. Let r = k + 175. Is r prime?
False
Suppose 10*q - 2*m = 10*q, -3*m + 206335 = 5*q. Is q prime?
False
Suppose -3*y - 14 = -116. Suppose -26*u = -y*u + 12344. Is u a composite number?
False
Let z = -180 + 180. Suppose 5*f + 1825 = 3*y - 3976, z = -y + 2*f + 1933. Is y prime?
False
Let j(x) = -x**3 + 6*x**2 - 5*x + 5. Let b be j(2). Suppose -6236 - 1046 = -b*h. Is h a composite number?
True
Let i = 150 + 310. Suppose r - 2300 + i = 0. Suppose d - 5*l = 926, -5*d + 2940 = 5*l - r. Is d a prime number?
False
Let g = 89 + -110. Is (850410/(-21))/(-3) + (-9)/g a composite number?
False
Suppose -5*c + 92641 = -3*p - 192814, -p = 0. Is c a composite number?
True
Let f = -212023 - -568004. Is f a prime number?
False
Let d(s) = 4948*s**2 + 1109*s - 15731. Is d(14) prime?
False
Let w(s) = -64*s**3 - 295*s**2 - 15*s + 7. Is w(-11) composite?
True
Let l be 7 - 6931*(3 + -2). Let y = l - -10717. Is y prime?
True
Is (-2 + (-15)/(-6))*81538 prime?
False
Let c(d) = -d**3 - 34*d**2 + 19*d - 87. Suppose 0*i - 3*b - 23 = i, -187 = 5*i - 3*b. Is c(i) prime?
False
Suppose 3*n + 7*r - 31235 = 11*r, -r = 2*n - 20838. Is n composite?
True
Suppose -145*f - 20 = -149*f. Suppose -5249 - 5106 = -f*d. Is d a prime number?
False
Let x be -10140 - 27/(-18)*(-8)/(-6). Let k = x - -20682. Suppose -11*r + k = 5*r. Is r prime?
True
Is (-2742285)/(-10) - (-2)/6*(-6)/(-4) prime?
False
Suppose 101336 = 26*l - 22*l. Suppose -22*b + l = -22494. Is b a prime number?
False
Let b(u) be the first derivative of -2*u**2 + 613*u + 166. Let z = -3 - -3. Is b(z) a prime number?
True
Let s = 1 - 0. Suppose -y = 3 + s. Is 2/y*(-5 + 7)*-379 prime?
True
Let q be 4/(-14) + 48/21. Let o be q*(-45 - -3 - 2). Is ((-10714)/o)/((-2)/(-8)) a prime number?
True
Suppose -2*c - 3*c = -15. Suppose -c*r - 4049 = -w, 4083 = 2*w - 4*r - 4007. Is w composite?
True
Let z be 10*(4 + -3 + -2). Let q(f) = f + 14. Let g be q(z). Suppose g*d = 2*r + 640, -3*d + 616 = d + 4*r. Is d a prime number?
False
Let s = -606000 - -1191671. Is s a prime number?
True
Let t(v) = -8*v + 2. Let h(i) = i**3 - 5*i**2 - 4. Let y be h(5). Is t(y) a prime number?
False
Is (-197776592)/(-80) + (-8)/70 + (-74)/259 a prime number?
False
Let p = 27327 + -11026. Is p prime?
True
Let x be (46/(-3))/(1/138). Let h = -1019 - x. Is h prime?
True
Let c = -199 - -363. Let f be -3 - c/(-14) - 4/(-14). Suppose 0 = 3*n - f, 2*k - 3*n = -3*k + 10006. Is k prime?
True
Suppose 250*f - 240*f = 56152 + 76078. Is f composite?
True
Let k = 112 - 109. Is 1260/2 + k + 2 a prime number?
False
Let g = 34824 + 42769. Is g prime?
False
Let o be 0 + 1 - (4 + 0). Is (-1320489)/(-54) + 2/((-12)/o) composite?
True
Let p be 3 - (-6 - -9 - 4). Suppose 0 = -p*w + 16, 3*j - 4*w = 2*j + 897. Is j a composite number?
True
Suppose -10920413 + 255263953 = 140*n. Is n composite?
False
Let y be 2*(-4)/(-6)*12/8. Let c(v) = 174*v**3 + 4*v**2 - 5*v + 1. Is c(y) a prime number?
True
Suppose -3*b + j = -2240164, 830*b - 825*b - 3733620 = -j. Is b a composite number?
False
Suppose 0 = 559*i - 566*i + 3984323. Is i a composite number?
False
Suppose 0 = -2*i - 2*v + 16, i - 6*v + 17 = -2*v. Is (-3 - -5)*-2 + (i - -1802) prime?
True
Is -81429*((4 - 3) + -2 + 0/28) a prime number?
False
Let v(f) = 4319*f - 769. Is v(20) a composite number?
True
Suppose -16 = -2*h - 8. Suppose 2*k = 8*i - h*i - 48454, -5*i = -k - 60572. Is i a composite number?
True
Suppose 0 = -18*r + 19*r. Suppose r = 63*s - 58*s - 34535. Is s a composite number?
False
Let w = 366039 + -197132. Is w composite?
True
Let m(u) = 484*u + 301. Is m(10) a prime number?
False
Let w = 155 + -108. Let n(q) = -6*q - 8. Let u be n(-2). Suppose 3*p - 2*i - 355 = 0, -p = u*i - 90 - w. Is p a prime number?
False
Suppose -2*w = -5*w + 3. Let k(t) = -3413*t + 4077. Let i be k(6). Is i/(-9) + (4/6)/w a prime number?
True
Let a(b) = b - 9. Let s be a(8). Let z(y) = 205 + 0*y + 0*y + 2030*y**2 - 206. Is z(s) a prime number?
True
Suppose -3*k + 4*g - 18 = 0, 2*k = -k + 5*g - 21. Let f(s) = -281*s**3 - 3*s**2 - 6*s - 3. Is f(k) a prime number?
False
Let f = -120 + 118. Let q be (48/8)/(2 - f/(-4)). Is -2 + q + -5 + 3 + 191 a composite number?
False
Suppose -8 = 3*s - 68. Suppose -s + 50 = 3*k. Suppose -k*f - 447 = -11*f. Is f composite?
True
Let z(b) = -1. Let d(s) = s**3 + s**2 + s + 73. Let c(y) = d(y) - z(y). Let u be c(0). Suppose 0 = -8*p + 382 + u. Is p a prime number?
False
Suppose 0 = 2*g + 5661 - 20359. Suppose g = 9*c - 9814. Is c composite?
False
Suppose -4*y + 3*y = -3. Let u be (-1239)/9 + (-1)/y. Let i = u - -281. Is i a composite number?
True
Let m = 9008 + -13284. Let u = 445 - m. Is u a prime number?
True
Let r(g) = 25*g**2 - 12*g + 7. Let t be 72/(-48)*(-32)/6. Is r(t) prime?
True
Let d be (-15)/(-6)*((-42)/(-5) + -2). Suppose -d*s + 0*s + 35248 = 0. Is s a composite number?
False
Suppose 52518 = 25*y - 34162 - 78195. Is y a prime number?
False
Is (276678/(-36))/(5/(-10)) composite?
True
Let n be -3 + (-3 - (-7 + 0)) + 10. Suppose -4*g - 2*p + 16 = 0, -n = 2*g - 4*p + 1. Suppose 3*w - 3833 = -g*z + 6*w, 4*z - 7678 = 2*w. Is z prime?
False
Suppose -15*b + 11*b - 4*v + 771728 = 0, -v + 385869 = 2*b. Is b prime?
False
Suppose -3*b + 4*q + 13709 = 3714, 5*q = -5*b + 16600. Suppose x - 3883 + 1210 = -4*w, 0 = 5*w - 2*x - b. Is w a composite number?
True
Let j = 65019 - 31478. Is j a composite number?
True
Let l(v) = -2*v**3 - 20*v**2 - 20*v - 16. Let h be l(-9). Suppose -3*m + 5*c = -0*m - 1309, 4*m - h*c - 1764 = 0. Is m a composite number?
False
Let x = 352108 + 95241. Is x composite?
True
Let f(a) be the third derivative of a**5/30 - 25*a**4/24 + 6*a**3 - 16*a**2. Let k be f(25). Suppose -3935 = -2*l - k. Is l a composite number?
False
Let q(a) = -45*a**3 - 10*a**2 + 12*a + 140. Is q(-17) a prime number?
True
Suppose -56*p - 98 = -49*p. Is (-56)/49 - 45012/p a prime number?
False
Suppose 0 = -2*m - 5*q + 4, 2*m + 4*q = -2*m + 8. Suppose 4 = -4*a, 3*u - m*a - 3680 = -3*a. Is u a composite number?
True
Suppose 6*w + 16 = 2*w, -3*k + 39 = -3*w. Let s(r) = 3 + 33*r - 19 - 22 + k. Is s(8) a prime number?
False
Let b = 233 - 137. Suppose 0 = f + 3*f - b. Is (6/f)/(2/4568) a prime number?
True
Suppose 19*f - 714831 = -20*f - 0*f. Is f a prime number?
True
Let q(f) = -3 + 7*f - 878*f**2 + 1100*f**2 + 2110*f**2 + 4563*f**2. Is q(1) a composite number?
False
Suppose -2*x + 247839 = 3*u - 683467, 5*u - 2328275 = -5*x. Is x a composite number?
False
Suppose 4*j - 3*v - 81 = -j, -5*v = -3*j + 55. Is ((-9)/j - 23758/(-105))*3 a composite number?
False
Let d = -32 - -57. Let k be (-16)/20 - 1705/d. Let z = 100 - k. Is z a composite number?
True
Suppose 87505 = c - 4*n, -8*n + 10*n - 350092 = -4*c. Is c prime?
False
Let k(u) = 6*u + 1. Suppose 8*n - 42 = 5*n. Let p be (190/14)/5 + 4/n. Is k(p) a composite number?
False
Suppose 13*a = -130028 + 29044. Is -1 - -4 - a/(8 - 7) prime?
False
Let f be (-1)/((-10)/225)*298. Let m = -869 - -349. Let x = f + m. Is x prime?
False
Let p(h) = -25*h**3 - 104*h**2 + 32*h + 265. Is p(-30) prime?
False
Suppose -6*b + 5 - 5 = 0. Let a(n) = 3*n + 1256. Let t(w) = 5*w + 1885. Let d(q) = 8*a(q) - 5*t(q). Is d(b) a composite number?
True
Let m(n) = 226*n**3 - 2*n**2 + 2*n - 2. Let p be (-1)/((-14)/4 - (6 + -9)). Let w be m(p). Let c = w - -15. Is c a prime number?
False
Let g(c) = -39*c**2 - c + 6. Let h be g(-10). Is ((-11)/44)/(-1 - 3883/h) a prime number?
True
Let h be 1/((-3)/(-2128)) + 4/(-12). Suppose 2*d - h = p, 0*p = -d + p + 356. Is d composite?
False
Suppose -l + 50 = 2. Suppose l = -6*g + 2*g. Is 4/g*3 + 1362 a prime number?
True
Suppose -1187552 = -4*y - 4*y. Suppose -20*x = -y + 2784. Is x a prime number?
True
Let o(x) = 556*x - 59. Let c(n) = 2*n. Let g(f) = -2*c(f) - o(f). Is g(-3) a prime number?
False
Let q = 44058 - 31465. Suppose -4*t + 10*m + 16774 = 7*m, 0 = 3*t + 4*m - q. Is t prime?
False
Let i(y) = 3 + 0 + 4*y + 8*y**2 - y - 7*y**3 - 2. Let b be i(-3). Let j = b - 114. Is j composite?
False
Let k(z) 